ivided by 35?
30
Calculate the remainder when 36316209 is divided by 7263240.
9
Calculate the remainder when 3688318 is divided by 123.
40
What is the remainder when 3419114 is divided by 106?
84
What is the remainder when 418455 is divided by 2576?
1143
What is the remainder when 4418647 is divided by 689?
90
Calculate the remainder when 1877 is divided by 585.
122
What is the remainder when 862244 is divided by 95?
24
Calculate the remainder when 3495989 is divided by 1164909.
1262
Calculate the remainder when 55639012 is divided by 201.
1
Calculate the remainder when 152197528 is divided by 50732498.
34
Calculate the remainder when 484533 is divided by 25487.
280
What is the remainder when 21107926 is divided by 12?
10
Calculate the remainder when 81550 is divided by 38535.
4480
What is the remainder when 2833745 is divided by 119?
117
Calculate the remainder when 232509670 is divided by 24.
22
What is the remainder when 894397 is divided by 38861?
594
Calculate the remainder when 706880 is divided by 3572.
3196
What is the remainder when 34724 is divided by 632?
596
Calculate the remainder when 3128788 is divided by 54891.
1
Calculate the remainder when 1197553 is divided by 5816.
5273
What is the remainder when 54864033 is divided by 745?
743
What is the remainder when 1150231 is divided by 199?
11
Calculate the remainder when 60405 is divided by 308.
37
Calculate the remainder when 5739535 is divided by 677.
606
What is the remainder when 876794 is divided by 26562?
248
Calculate the remainder when 7538883 is divided by 471178.
35
What is the remainder when 15212 is divided by 2483?
314
Calculate the remainder when 1850713 is divided by 8299.
36
What is the remainder when 26958534 is divided by 2089?
2078
Calculate the remainder when 125449 is divided by 640.
9
Calculate the remainder when 150890034 is divided by 126.
120
Calculate the remainder when 4079935 is divided by 212.
207
What is the remainder when 14631384 is divided by 7315692?
0
Calculate the remainder when 436302 is divided by 87259.
7
Calculate the remainder when 51733 is divided by 186.
25
What is the remainder when 55813948 is divided by 93?
91
What is the remainder when 31862 is divided by 31698?
164
What is the remainder when 29093432 is divided by 16363?
18
What is the remainder when 85889073 is divided by 26?
23
What is the remainder when 7034469 is divided by 2982?
2913
Calculate the remainder when 6750464 is divided by 132.
116
Calculate the remainder when 1079674 is divided by 2307.
2305
Calculate the remainder when 3668422 is divided by 5.
2
What is the remainder when 609264 is divided by 67681?
135
What is the remainder when 12223482 is divided by 258?
216
Calculate the remainder when 446913 is divided by 446384.
529
What is the remainder when 100795 is divided by 45?
40
What is the remainder when 39766459 is divided by 10?
9
What is the remainder when 8370049 is divided by 83700?
49
What is the remainder when 76590143 is divided by 54?
53
What is the remainder when 4271240 is divided by 255?
245
What is the remainder when 849747 is divided by 102?
87
What is the remainder when 5583 is divided by 3279?
2304
What is the remainder when 18285 is divided by 733?
693
What is the remainder when 456263 is divided by 456224?
39
Calculate the remainder when 1601556 is divided by 847.
726
Calculate the remainder when 429594 is divided by 43.
24
What is the remainder when 306394 is divided by 250?
144
Calculate the remainder when 42459 is divided by 4481.
2130
What is the remainder when 74117369 is divided by 40325?
19
What is the remainder when 229681 is divided by 16401?
67
What is the remainder when 170757 is divided by 4998?
825
What is the remainder when 17737 is divided by 8754?
229
What is the remainder when 26073 is divided by 2883?
126
Calculate the remainder when 845023 is divided by 578.
565
Calculate the remainder when 362900 is divided by 40276.
416
Calculate the remainder when 110209635 is divided by 22.
19
Calculate the remainder when 553174 is divided by 276578.
18
What is the remainder when 2031331 is divided by 106912?
3
What is the remainder when 68341248 is divided by 410?
398
Calculate the remainder when 5423935 is divided by 3994.
83
What is the remainder when 119911092 is divided by 1724?
1720
What is the remainder when 57480758 is divided by 275?
258
What is the remainder when 19208 is divided by 9427?
354
Calculate the remainder when 725456 is divided by 937.
218
Calculate the remainder when 9931524 is divided by 661.
660
What is the remainder when 756111 is divided by 394?
25
Calculate the remainder when 5131745 is divided by 146619.
80
Calculate the remainder when 34868207 is divided by 217.
213
What is the remainder when 875444 is divided by 55?
9
Calculate the remainder when 6602188 is divided by 38162.
162
What is the remainder when 219978 is divided by 73248?
234
Calculate the remainder when 63705621 is divided by 7963202.
5
What is the remainder when 173404 is divided by 1212?
88
Calculate the remainder when 42129286 is divided by 226.
174
What is the remainder when 5194937 is divided by 649367?
1
Calculate the remainder when 738830 is divided by 624.
14
What is the remainder when 19972019 is divided by 19542?
95
What is the remainder when 438781 is divided by 62650?
231
What is the remainder when 2982601 is divided by 632?
193
What is the remainder when 10438775 is divided by 2063?
2058
What is the remainder when 311041 is divided by 103666?
43
What is the remainder when 350973 is divided by 549?
162
Calculate the remainder when 9464 is divided by 199.
111
Calculate the remainder when 42937650 is divided by 21468825.
0
What is the remainder when 331005151 is divided by 2192?
2191
What is the remainder when 1215401 is divided by 43401?
173
What is the remainder when 2796588 is divided by 20870?
8
What is the remainder when 96038528 is divided by 48019262?
4
Calculate the remainder when 255527 is divided by 630.
377
What is the remainder when 92627 is divided by 179?
84
Calculate the remainder when 11653 is divided by 2328.
13
Calculate the remainder when 10137347 is divided by 3379112.
11
What is the remainder when 998810 is divided by 34440?
50
What is the remainder when 42893 is divided by 134?
13
What is the remainder when 1286097 is divided by 618?
39
What is the remainder when 332684 is divided by 39?
14
What is the remainder when 12983412 is divided by 835?
832
Calculate the remainder when 282680 is divided by 726.
266
What is the remainder when 235834 is divided by 11159?
1495
What is the remainder when 2252730 is divided by 437?
432
Calculate the remainder when 4727421 is divided by 1518.
369
Calculate the remainder when 10918349 is divided by 442.
65
Calculate the remainder when 13446207 is divided by 113.
111
What is the remainder when 46574 is divided by 6642?
80
Calculate the remainder when 13256 is divided by 6499.
258
Calculate the remainder when 327615 is divided by 14891.
13
What is the remainder when 1308443 is divided by 326836?
1099
What is the remainder when 49293764 is divided by 19561?
44
Calculate the remainder when 5593337 is divided by 1864305.
422
Calculate the remainder when 400647 is divided by 30.
27
Calculate the remainder when 241987 is divided by 613.
465
Calculate the remainder when 9011 is divided by 37.
20
Calculate the remainder when 5993248 is divided by 1498310.
8
What is the remainder when 315667 is divided by 338?
313
Calculate the remainder when 1127247 is divided by 1463.
737
What is the remainder when 171735 is divided by 6604?
31
Calculate the remainder when 1274360 is divided by 283.
11
Calculate the remainder when 15192371 is divided by 1899044.
19
What is the remainder when 16831 is divided by 6457?
3917
Calculate the remainder when 23891 is divided by 908.
283
What is the remainder when 2064591 is divided by 3114?
9
Calculate the remainder when 3053933 is divided by 3054.
2987
What is the remainder when 457732 is divided by 1192?
4
What is the remainder when 7248856 is divided by 1932?
1924
What is the remainder when 209303 is divided by 209280?
23
What is the remainder when 43462518 is divided by 5560?
5558
Calculate the remainder when 39693 is divided by 19720.
253
What is the remainder w